alculate 26 + -4 - 31 - -29.
20
29 + (1 - -1 - (10 + -1))
22
(54 - 24) + 2 + -7 + (7 - 10)
22
What is the value of 2 + (18 - 28) - 7?
-15
What is the value of (28 - 13) + (0 - 8)?
7
What is (-1 - -17) + (14 - 5 - 20)?
5
What is the value of 0 - (8 + (-2 - (3 - 7) - 7))?
-3
Evaluate (-7 - (22 - 19)) + 3 + -10 - 6.
-23
Evaluate 62 + -29 + (-11 - -2).
24
(-10 - -3 - (-10 + -36)) + -15
24
Evaluate 45 + -27 + -17 + (-13 - 0).
-12
What is -4 + 9 + -4 - (-5 + -23 + 11)?
18
What is the value of (15 + 2 - 2) + (12 - (1 - -17))?
9
What is the value of (1 - -15) + (1669 - 1694)?
-9
What is -30 + 63 - 8 - 23?
2
What is the value of 4 + (20 - (21 - -14)) + 0?
-11
Calculate 1 + -1 - (12 + 8 + -25) - 9.
-4
Evaluate -10 + (-8 - -2) + 35.
19
-9 + 10 + -7 + -9 + -14
-29
(7 - 1 - (3 - -10)) + 11
4
What is the value of -39 + 18 + 16 - -24?
19
What is the value of -12 + 8 + (16 - (15 + -8))?
5
Calculate (5 - -8 - 41) + -1 + 10.
-19
What is the value of (-5 + 1 - -4) + (11 - (-9 - -15))?
5
What is -9 + (-6 + -3 - 5 - -10)?
-13
What is the value of -5 + (-21 - -26) + -2 + -11?
-13
What is -7 - 2 - (9 + -4 + -1)?
-13
What is (23 - 16) + (13 - 10 - -20)?
30
What is the value of (10 - 0) + 102 + -104 - 0?
8
Evaluate (-23 + 39 - (28 - 5)) + 14.
7
What is the value of (11 - 2) + (-309 - -290)?
-10
What is the value of -6 - ((13 - -10 - 15) + 12)?
-26
Calculate -7 - (7 + 7) - (15 - 11).
-25
What is the value of 2 + 5 + (9 - 22)?
-6
Calculate (-1 - (-8 - -4)) + (-17 - (7 + -21)).
0
Evaluate (-12 - (7 + -21 + -2) - 9) + -19.
-24
What is 7 + -44 + 8 + 7 - -3?
-19
What is the value of -1 + 13 + -3 - (56 + -25)?
-22
What is 11 - (8 - (32 + -26))?
9
3 + 0 - (13 - ((16 - 1) + -7))
-2
Calculate -15 - -3 - -17 - -4.
9
2 - (-4 + 3) - (1 - (8 + -12))
-2
What is the value of (5 - 1) + (27 - 49)?
-18
What is the value of -5 + 17 + -11 - 3?
-2
(2 - 3 - -7) + (-3 - -15)
18
What is 41 - (32 - 17 - -9)?
17
What is the value of 7 + -20 - (-26 - (6 + -7))?
12
Calculate -6 - 7 - ((6 - 4) + 1 + -4).
-12
1 + (-3 - -20) - (-12 - (-6 + -2))
22
What is 3 + -2 + 3 + -14 - (657 - 695)?
28
Calculate -61 + 60 + -3 + 8.
4
-5 - -22 - 11 - 13
-7
Calculate (3 - 1) + (16 - 2) + -24.
-8
Calculate -38 + 17 + 0 - (-2 - -3 - 2).
-20
(86 - 81) + -1 + -3
1
-17 - (-10 - -5 - (10 + -10))
-12
(-6 + 7 - -38) + (-15 - -3)
27
Evaluate -2 - 25 - -17 - -11.
1
(-13 - -4) + -4 - (40 - 47)
-6
What is the value of 34 - -8 - -4 - 23?
23
-818 - -842 - (13 - -1)
10
22 - (1 - -12 - 0) - -5
14
Calculate (-5 - (4 - 2)) + -10 + (-4 - -6).
-15
(0 + -6 - -4) + 7 + 8
13
What is 16 + -28 - -46 - 65?
-31
Evaluate 3 + (2 - 15) + 10 - -3.
3
What is the value of (1 - 0 - 16) + (-16 - -16) + -7?
-22
What is -4 + 25 + -2 + (-76 - -71)?
14
Calculate (6 - (-7 + 14 - -1 - 2)) + -1.
-1
Calculate -57 + 56 - (-1 - 8) - (1 + 0).
7
-5 + 6 + (7 - (-4 - -9)) + -1
2
What is 30 - 32 - (2 + 1 + -5 + 1)?
-1
What is -1 - (-7 + (1 + -2 - -2) - -13)?
-8
What is the value of -6 + 3 + 10 + -3 + -8 + 6?
2
What is (13 - 18) + (-13 - (-7 - 0))?
-11
What is the value of 38 + -8 - 27 - (-1 - 0)?
4
-1 - (-5 + 7 - 4) - (-4 - 3)
8
-1 - (4 + -2 + -4) - (269 - 267)
-1
Calculate 1 - (-5 + (-4 - 7 - -14)).
3
What is the value of 23 - (-24 + (25 - -5))?
17
What is the value of -3 + -40 + (-72 - -100)?
-15
Calculate -9 - (-62 + 54 - (-29 - (5 - 2))).
-33
Calculate 7 - (-36 + 27 + (2 - 1)) - 6.
9
Evaluate 18 + -16 + 2 + 2.
6
What is -657 - -706 - (3 + 26)?
20
What is the value of 16 - 1 - (3 - (0 - 3))?
9
What is the value of 20 + 29 + -15 + -10?
24
What is 1 - (-2 + 13 + -47 + 32)?
5
3 + (-7 - -15) + -11
0
Calculate -5 - (2 - (15 - 5 - 5) - -3).
-5
What is 13 - (-2 - -3 - -12) - 12?
-12
(25 - 37) + 17 + -2
3
-26 + 7 - (-164 + 173)
-28
10 - 1 - ((-15 - -88) + -47)
-17
What is the value of (-2 + 7 - (13 - 19)) + -2 + 5?
14
What is the value of (-6 - -2) + 18 + (9 - (12 + -6))?
17
What is (10 + 9 - (30 - -14)) + 14?
-11
(-4 - (-1 - 5)) + (17 - 4) + -6
9
Calculate 1 + 3 - (96 + -83).
-9
What is the value of 1 - (1 - 5) - (10 - 6 - 3)?
4
What is (-7 - -10 - 9) + 6 + (-2 - -1)?
-1
What is the value of (1 - (12 - 5) - -21) + -3?
12
(4 + 5 + 4 - (-29 - -33)) + -6
3
What is the value of 22 + (21 + -14 - (3 + 2))?
24
What is -48 + 44 - (1 + (8 - 3))?
-10
Calculate 7 - 1 - (-12 + 31 + -10).
-3
Evaluate 11 - (-1 + 0 + -1) - 4.
9
Evaluate 1 - (-7 + 2) - (1 - 1) - 5.
1
What is (-19 + 21 - -32) + -17?
17
What is the value of -3 - -7 - (-3 + 8 + -5 - -14)?
-10
What is 3 + -24 + (176 - 163)?
-8
Calculate 0 + 3 - (13 - -5 - -1 - 15).
-1
Calculate -10 + 9 - ((0 - 1) + 9).
-9
Evaluate 7 - (0 - -1) - (-26 + 89 - 39).
-18
What is 14 - (85 + -38) - -6?
-27
1 + 4 - (-4 - (-5 - 7) - 8)
5
What is (15 + 9 - -5 - 21) + 0 + 0?
8
2 + (12 + -11 - -11)
14
Calculate (47 - 47 - (3 - 0) - 38) + 10.
-31
Evaluate (-7 + -1 - 5) + (-26 - -22).
-17
What is the value of 2 + -2 + (16 - 13) - 3?
0
0 + -7 + 6 + 8
7
What is 8 + (-4 + (8 - -4) - 8)?
8
Evaluate (17 + -15 - 14) + 4.
-8
What is the value of 6 + (-8 - (2 - (5 + 4)))?
5
What is the value of 1 + -23 + (44 - (42 + -10)) + -2?
-12
Evaluate 97 + -84 + (3 - 3) - 16.
-3
Calculate 7 + 36 - (32 + 0).
11
Calculate (-13 + 0 - (7 + -12)) + 14.
6
Evaluate (-11 - -17) + -28 + 43.
21
Calculate 58 + -8 + -27 + (1 - 9).
15
Calculate (9 - 4) + -8 - -8.
5
Calculate 236 + -232 + 2 + -2 + -7 + 1.
-2
Calculate 0 + (-15 - -12 - -15).
12
Calculate 308 + -309 + (-3 - (-2 - -1) - -13).
10
Calculate -9 - ((-7 - (2 + -3)) + -15).
12
What is -161 + 138 + -6 + 41?
12
(-104 - -105 - (-1 - 3)) + 6
11
What is the value of 5 + (-1 - (-3 - -5) - -1) - 28?
-25
What is -37 + -6 - -21 - -36?
14
What is 1 - 13 - (3 + (-11 - -17) + -2)?
-19
-3 + 11 + -8 + 6
6
Evaluate (6 - (-35 + 4)) + (-43 - -17) + 22.
33
What is the value of -2 + -5 - (-37 - -28) - -10?
12
Calculate -5 + 0 + (26 - 25) - (13 - 4).
-13
Evaluate -7 + (20 - (11 - 9)).
11
(-17 - -22) + -30 + 29
4
What is 31 + 9 - (7 + 4 - -4)?
25
What is (9 + -1 - 1) + (541 - 557)?
-9
What is the value of 206 + -189 + (-35 - -3)?
-15
What is the value of (-5 + 14 + -15 - -2) + -6?
-10
Evaluate 7 + -1 + 6 + -5 + -1.
6
Evaluate -1 + (13 - 3) + (175 - 201).
-17
Calculate (0 - (4 - -1)) + -13 + 17.
-1
What is 9 + -12 + 1 + -14 + 6?
-10
What is the value of (161 - 164) + (0 - 2 - 3)?
-8
What is the value of 7 + (-6 + 12 - 1 - 26)?
-14
What is -10 + 3 + (-1 - -9) + -2 - 10?
-11
What is the value of -32 - (-3 + (-1 - (17 + -7 + -5)))?
-23
What is -13 + 3 + (-6 - -17 - 4)?
-3
What is the value of -1 + (22 - 2) - (-588 + 592)?
15
What is the value of 5 + 4 + -18 + (-1 - 10)?
-20
What is the value of 0 + -2 - -1 - (4 - (-9 + 15))?
1
Calculate (11 - (11 + 1)) + 2.
1
Evaluate -3 - (8 - (-7 + 18)) - -14.
14
Evaluate 7 + 10 + (13 - 47 - -5).
-12
Evaluate -23 + -20 + 42 + 20.
19
Evaluate (-28 - (-5 + -13)) + (3 - (2 - 3)).
-6
8 - (9 - (11 + -16)) - -5
-1
What is 20 + 2 + 5 + -18?
9
What is the value of (11 - -3) + (-3 - (-2 - 6) - 3)?
16
Calculate 9 + -17 + 1 + 10 + 7.
10
Evaluate 8 + ((-15 - -14) + -1 + 3 - -4).
13
-1 + (-174 - -160 - (1 - 13))
-3
What is -7 + 21 - 9 - -8 - -9?
22
-10 + (1 - -4) - (-2 - 6)
3
Calculate (47 - 52) + (-4 - (-4 + 3)).
-8
What is 10 - -4 - (13 - 0)?
1
What is 4 - (3 + (-6 - -25) + -3)?
-15
What is (1 + 3 - -6) + -2 + (-4 - -7)?
11
What is the value of 7 - ((2 - 1) + (-1 - -1)) - 19?
-13
-1 + 1 + 20 + -17
3
What is -1 + -4 + 2 - (6 + -4 - 0)?
-5
What is the value of (211 - 242) + (11 - 2) + 3?
-19
What is 10 + 11 + (11 - 31 - -4)?
5
What is (-2 - (-1 + -13)) + -31?
-19
What is 12 + 0 + -54 + (44 - 17)?
-15
What is 5 + 1 + (186 - 211)?
-19
What is the value of 17 + (-17 + (17 - 8) - -14)?
23
-1 + 2 - ((3 - 9) + 6) - -12
13
What is -41 - -23 - -25 - (0 - 15)?
22
Calculate -14 + -1 + 10 + 2 + -2 + 1.
-4
-5 - (-7 + (6 - 6 - -2))
0
What is 7 - (5 + -1 + 4) - -20?
19
(-19 - (-9 + -9)) + 10
9
Evaluate -8 - -35 - (28 - 23).
22
6 + (-22 - -21) - -14
19
20 + -34 + (-25 - -29)
-10
What is the value of -10 + -8 + (5 + 2 - 0) + -5?
-16
What is -1 + -3 + 12 + 1 + -8?
1
Calculate 5 - (3 - (-5 - (-3 + 4))) - 2.
-6
Evaluate (-5 - (-21 - -4)) + 1 + (-1 - 2).
10
What is the value of -1 + 0 + (-2 - -7) - (1549 + -1550)?
5
(26 + -14 - 2) + -26
-16
What is the value of (-116 - -103) + 2 + 21?
10
What is the value of (-51 - -25) + 30 + -9 + 1 + -2?
-6